{"id":74,"date":"2019-08-25T20:10:19","date_gmt":"2019-08-25T20:10:19","guid":{"rendered":"http:\/\/kanuusedom.de\/?page_id=74"},"modified":"2024-06-19T08:52:56","modified_gmt":"2024-06-19T08:52:56","slug":"kanutour-wiek-entdecker","status":"publish","type":"page","link":"https:\/\/kanuusedom.de\/?page_id=74","title":{"rendered":"#WIEK ENTDECKER"},"content":{"rendered":"\n<p class=\"has-drop-cap has-normal-font-size\">Das Abenteuer Wasser beginnt mit einer ausf\u00fchrlichen Einweisung ins Paddeln. Die gef\u00fchrte Entdeckertour startet mit den bequemen Kajaks und sicherem Abstand zum Schilfg\u00fcrtel. Mit Ferngl\u00e4sern beobachtet Ihr die Vogelvielfalt, die in der Krumminer Wiek beheimatet ist.<\/p>\n\n\n\n<figure class=\"wp-block-image size-large\"><img fetchpriority=\"high\" decoding=\"async\" width=\"1024\" height=\"379\" src=\"http:\/\/kanuusedom.de\/wp-content\/uploads\/2019\/08\/TMH00375-1024x379.jpg\" alt=\"\" class=\"wp-image-124\" srcset=\"https:\/\/kanuusedom.de\/wp-content\/uploads\/2019\/08\/TMH00375-1024x379.jpg 1024w, https:\/\/kanuusedom.de\/wp-content\/uploads\/2019\/08\/TMH00375-300x111.jpg 300w, https:\/\/kanuusedom.de\/wp-content\/uploads\/2019\/08\/TMH00375-768x285.jpg 768w, https:\/\/kanuusedom.de\/wp-content\/uploads\/2019\/08\/TMH00375-1280x474.jpg 1280w\" sizes=\"(max-width: 1024px) 100vw, 1024px\" \/><\/figure>\n\n\n\n<p class=\"has-normal-font-size\">F\u00fcr Wertgegenst\u00e4nde und Kameras stellen wir wasserdichte Beh\u00e4lter zu Verf\u00fcgung. <br>Je nach Witterung ben\u00f6tigt ihr eine Kopfbedeckung, Sonnenschutz, Regenjacke und Wechselkleidung.<\/p>\n\n\n\n<figure class=\"wp-block-image size-large\"><img decoding=\"async\" width=\"1024\" height=\"768\" src=\"http:\/\/kanuusedom.de\/wp-content\/uploads\/2021\/03\/IMG_2301-2-1024x768.jpg\" alt=\"\" class=\"wp-image-357\" srcset=\"https:\/\/kanuusedom.de\/wp-content\/uploads\/2021\/03\/IMG_2301-2-1024x768.jpg 1024w, https:\/\/kanuusedom.de\/wp-content\/uploads\/2021\/03\/IMG_2301-2-300x225.jpg 300w, https:\/\/kanuusedom.de\/wp-content\/uploads\/2021\/03\/IMG_2301-2-150x113.jpg 150w, https:\/\/kanuusedom.de\/wp-content\/uploads\/2021\/03\/IMG_2301-2-768x576.jpg 768w, https:\/\/kanuusedom.de\/wp-content\/uploads\/2021\/03\/IMG_2301-2-1536x1152.jpg 1536w, https:\/\/kanuusedom.de\/wp-content\/uploads\/2021\/03\/IMG_2301-2-2048x1536.jpg 2048w, https:\/\/kanuusedom.de\/wp-content\/uploads\/2021\/03\/IMG_2301-2-1280x960.jpg 1280w\" sizes=\"(max-width: 1024px) 100vw, 1024px\" \/><\/figure>\n\n\n\n<p><strong>Dauer: circa 3 Stunden<\/strong><br><strong>Maximal 8 Personen<\/strong><\/p>\n\n\n\n<figure class=\"wp-block-image size-large\"><img decoding=\"async\" width=\"1024\" height=\"670\" src=\"http:\/\/kanuusedom.de\/wp-content\/uploads\/2021\/03\/kingfisher-5859679-1024x670.jpg\" alt=\"\" class=\"wp-image-363\" srcset=\"https:\/\/kanuusedom.de\/wp-content\/uploads\/2021\/03\/kingfisher-5859679-1024x670.jpg 1024w, https:\/\/kanuusedom.de\/wp-content\/uploads\/2021\/03\/kingfisher-5859679-300x196.jpg 300w, https:\/\/kanuusedom.de\/wp-content\/uploads\/2021\/03\/kingfisher-5859679-150x98.jpg 150w, https:\/\/kanuusedom.de\/wp-content\/uploads\/2021\/03\/kingfisher-5859679-768x503.jpg 768w, https:\/\/kanuusedom.de\/wp-content\/uploads\/2021\/03\/kingfisher-5859679-1536x1005.jpg 1536w, https:\/\/kanuusedom.de\/wp-content\/uploads\/2021\/03\/kingfisher-5859679-2048x1340.jpg 2048w, https:\/\/kanuusedom.de\/wp-content\/uploads\/2021\/03\/kingfisher-5859679-1280x838.jpg 1280w\" sizes=\"(max-width: 1024px) 100vw, 1024px\" \/><\/figure>\n\n\n\n<p class=\"has-normal-font-size\"><strong>Preis: Erwachsene 25\u20ac &#8211; Kinder bis 14 Jahre 15\u20ac<\/strong><br><\/p>\n\n\n\n<figure class=\"wp-block-image size-large\"><img loading=\"lazy\" decoding=\"async\" width=\"1024\" height=\"768\" src=\"http:\/\/kanuusedom.de\/wp-content\/uploads\/2021\/03\/IMG_0522-2-1024x768.jpg\" alt=\"\" class=\"wp-image-400\" srcset=\"https:\/\/kanuusedom.de\/wp-content\/uploads\/2021\/03\/IMG_0522-2-1024x768.jpg 1024w, https:\/\/kanuusedom.de\/wp-content\/uploads\/2021\/03\/IMG_0522-2-300x225.jpg 300w, https:\/\/kanuusedom.de\/wp-content\/uploads\/2021\/03\/IMG_0522-2-150x113.jpg 150w, https:\/\/kanuusedom.de\/wp-content\/uploads\/2021\/03\/IMG_0522-2-768x576.jpg 768w, https:\/\/kanuusedom.de\/wp-content\/uploads\/2021\/03\/IMG_0522-2-1536x1152.jpg 1536w, https:\/\/kanuusedom.de\/wp-content\/uploads\/2021\/03\/IMG_0522-2-2048x1536.jpg 2048w, https:\/\/kanuusedom.de\/wp-content\/uploads\/2021\/03\/IMG_0522-2-1280x960.jpg 1280w\" sizes=\"(max-width: 1024px) 100vw, 1024px\" \/><\/figure>\n\n\n<div class=\"wpforms-container wpforms-container-full wpforms-block wpforms-block-44901393-f8f5-47c4-bbf0-4d265ca90162 wpforms-render-modern\" id=\"wpforms-946\"><form id=\"wpforms-form-946\" class=\"wpforms-validate wpforms-form wpforms-ajax-form\" data-formid=\"946\" method=\"post\" enctype=\"multipart\/form-data\" action=\"\/index.php?rest_route=%2Fwp%2Fv2%2Fpages%2F74\" data-token=\"9d376800d053df7cb2daac2eba5c08af\" data-token-time=\"1778933790\"><div class=\"wpforms-head-container\"><div class=\"wpforms-title\">Kajaktour Anfragen<\/div><\/div><noscript class=\"wpforms-error-noscript\">Bitte aktiviere JavaScript in deinem Browser, um dieses Formular fertigzustellen.<\/noscript><div id=\"wpforms-error-noscript\" style=\"display: none;\">Bitte aktiviere JavaScript in deinem Browser, um dieses Formular fertigzustellen.<\/div><div class=\"wpforms-field-container\"><div id=\"wpforms-946-field_0-container\" class=\"wpforms-field wpforms-field-name\" data-field-id=\"0\"><fieldset><legend class=\"wpforms-field-label\">Name <span class=\"wpforms-required-label\" aria-hidden=\"true\">*<\/span><\/legend><div class=\"wpforms-field-row wpforms-field-medium\"><div class=\"wpforms-field-row-block wpforms-first wpforms-one-half\"><input type=\"text\" id=\"wpforms-946-field_0\" class=\"wpforms-field-name-first wpforms-field-required\" name=\"wpforms[fields][0][first]\" aria-errormessage=\"wpforms-946-field_0-error\" required><label for=\"wpforms-946-field_0\" class=\"wpforms-field-sublabel after\">Vorname<\/label><\/div><div class=\"wpforms-field-row-block wpforms-one-half\"><input type=\"text\" id=\"wpforms-946-field_0-last\" class=\"wpforms-field-name-last wpforms-field-required\" name=\"wpforms[fields][0][last]\" aria-errormessage=\"wpforms-946-field_0-last-error\" required><label for=\"wpforms-946-field_0-last\" class=\"wpforms-field-sublabel after\">Nachname<\/label><\/div><\/div><\/fieldset><\/div><div id=\"wpforms-946-field_1-container\" class=\"wpforms-field wpforms-field-email\" data-field-id=\"1\"><label class=\"wpforms-field-label\" for=\"wpforms-946-field_1\">E-Mail-Adresse <span class=\"wpforms-required-label\" aria-hidden=\"true\">*<\/span><\/label><input type=\"email\" id=\"wpforms-946-field_1\" class=\"wpforms-field-medium wpforms-field-required\" name=\"wpforms[fields][1]\" spellcheck=\"false\" aria-errormessage=\"wpforms-946-field_1-error\" required><\/div><div id=\"wpforms-946-field_2-container\" class=\"wpforms-field wpforms-field-textarea\" data-field-id=\"2\"><label class=\"wpforms-field-label\" for=\"wpforms-946-field_2\">Nachricht \/ Datum <span class=\"wpforms-required-label\" aria-hidden=\"true\">*<\/span><\/label><textarea id=\"wpforms-946-field_2\" class=\"wpforms-field-medium wpforms-field-required\" name=\"wpforms[fields][2]\" aria-errormessage=\"wpforms-946-field_2-error\" aria-describedby=\"wpforms-946-field_2-description\" required><\/textarea><div id=\"wpforms-946-field_2-description\" class=\"wpforms-field-description\">Bitte das Datum und die Anzahl der Personen eintragen, es stehen 1er und 2er Kajaks zur Verf\u00fcgung<\/div><\/div><div id=\"wpforms-946-field_4-container\" class=\"wpforms-field wpforms-field-checkbox\" data-field-id=\"4\"><fieldset><legend class=\"wpforms-field-label\">Tour Ausw\u00e4hlen <span class=\"wpforms-required-label\" aria-hidden=\"true\">*<\/span><\/legend><ul id=\"wpforms-946-field_4\" class=\"wpforms-field-required\"><li class=\"choice-1 depth-1\"><input type=\"checkbox\" id=\"wpforms-946-field_4_1\" name=\"wpforms[fields][4][]\" value=\"Morgentau\" aria-errormessage=\"wpforms-946-field_4_1-error\" required ><label class=\"wpforms-field-label-inline\" for=\"wpforms-946-field_4_1\">Morgentau<\/label><\/li><li class=\"choice-2 depth-1\"><input type=\"checkbox\" id=\"wpforms-946-field_4_2\" name=\"wpforms[fields][4][]\" value=\"Wiek Entdecker\" aria-errormessage=\"wpforms-946-field_4_2-error\" required ><label class=\"wpforms-field-label-inline\" for=\"wpforms-946-field_4_2\">Wiek Entdecker<\/label><\/li><li class=\"choice-3 depth-1\"><input type=\"checkbox\" id=\"wpforms-946-field_4_3\" name=\"wpforms[fields][4][]\" value=\"Sonnenuntergang\" aria-errormessage=\"wpforms-946-field_4_3-error\" required ><label class=\"wpforms-field-label-inline\" for=\"wpforms-946-field_4_3\">Sonnenuntergang<\/label><\/li><\/ul><\/fieldset><\/div><\/div><!-- .wpforms-field-container --><div class=\"wpforms-submit-container\" ><input type=\"hidden\" name=\"wpforms[id]\" value=\"946\"><input type=\"hidden\" name=\"page_title\" value=\"\"><input type=\"hidden\" name=\"page_url\" value=\"https:\/\/kanuusedom.de\/index.php?rest_route=\/wp\/v2\/pages\/74\"><input type=\"hidden\" name=\"url_referer\" value=\"\"><button type=\"submit\" name=\"wpforms[submit]\" id=\"wpforms-submit-946\" class=\"wpforms-submit\" data-alt-text=\"Wird gesendet\u00a0\u2026\" data-submit-text=\"Absenden\" aria-live=\"assertive\" value=\"wpforms-submit\">Absenden<\/button><img loading=\"lazy\" decoding=\"async\" src=\"https:\/\/kanuusedom.de\/wp-content\/plugins\/wpforms-lite\/assets\/images\/submit-spin.svg\" class=\"wpforms-submit-spinner\" style=\"display: none;\" width=\"26\" height=\"26\" alt=\"Wird geladen\"><\/div><\/form><\/div>  <!-- .wpforms-container -->\n\n\n<br><center><div id=\"wcom-f45f8cc6d99237bd5d57ff3694132d40\" style=\"border: 0px; background-color: transparent; border-top-left-radius: 0px; border-top-right-radius: 0px; border-bottom-right-radius: 0px; border-bottom-left-radius: 0px; color: rgb(0, 0, 0);\" class=\"wcom-default w300x250\"><link rel=\"stylesheet\" href=\"\/\/cs3.wettercomassets.com\/woys\/5\/css\/w.css\" media=\"all\"><div class=\"wcom-city\"><a style=\"color: #000\" href=\"https:\/\/www.wetter.com\/deutschland\/krummin\/DE0005815.html\" target=\"_blank\" rel=\"nofollow noopener noreferrer\" aria-label=\"Wetter Berlin\" title=\"Wetter Krummin\">Wetter Krummin<\/a><\/div><div id=\"wcom-f45f8cc6d99237bd5d57ff3694132d40-weather\"><\/div><script type=\"text\/javascript\" src=\"\/\/cs3.wettercomassets.com\/woys\/5\/js\/w.js\"><\/script><script type=\"text\/javascript\">_wcomWidget({id: 'wcom-f45f8cc6d99237bd5d57ff3694132d40',location: 'DE0005815',format: '300x250',type: 'summary'});<\/script><\/div>\n\n\n","protected":false},"excerpt":{"rendered":"<p>Das Abenteuer Wasser beginnt mit einer ausf\u00fchrlichen Einweisung ins Paddeln. Die gef\u00fchrte Entdeckertour startet mit den bequemen Kajaks und sicherem Abstand zum Schilfg\u00fcrtel. Mit Ferngl\u00e4sern beobachtet Ihr die Vogelvielfalt, die in der Krumminer Wiek beheimatet ist. F\u00fcr Wertgegenst\u00e4nde und Kameras stellen wir wasserdichte Beh\u00e4lter zu Verf\u00fcgung. Je nach Witterung ben\u00f6tigt ihr eine Kopfbedeckung, Sonnenschutz, Regenjacke &hellip; <\/p>\n<p class=\"link-more\"><a href=\"https:\/\/kanuusedom.de\/?page_id=74\" class=\"more-link\">Mehr <span class=\"screen-reader-text\">\u00fcber &#8222;#WIEK ENTDECKER&#8220; <\/span>Lesen<\/a><\/p>\n","protected":false},"author":1,"featured_media":0,"parent":0,"menu_order":0,"comment_status":"closed","ping_status":"closed","template":"","meta":{"footnotes":""},"class_list":["post-74","page","type-page","status-publish","hentry"],"featured_media_urls":[],"_links":{"self":[{"href":"https:\/\/kanuusedom.de\/index.php?rest_route=\/wp\/v2\/pages\/74","targetHints":{"allow":["GET"]}}],"collection":[{"href":"https:\/\/kanuusedom.de\/index.php?rest_route=\/wp\/v2\/pages"}],"about":[{"href":"https:\/\/kanuusedom.de\/index.php?rest_route=\/wp\/v2\/types\/page"}],"author":[{"embeddable":true,"href":"https:\/\/kanuusedom.de\/index.php?rest_route=\/wp\/v2\/users\/1"}],"replies":[{"embeddable":true,"href":"https:\/\/kanuusedom.de\/index.php?rest_route=%2Fwp%2Fv2%2Fcomments&post=74"}],"version-history":[{"count":18,"href":"https:\/\/kanuusedom.de\/index.php?rest_route=\/wp\/v2\/pages\/74\/revisions"}],"predecessor-version":[{"id":951,"href":"https:\/\/kanuusedom.de\/index.php?rest_route=\/wp\/v2\/pages\/74\/revisions\/951"}],"wp:attachment":[{"href":"https:\/\/kanuusedom.de\/index.php?rest_route=%2Fwp%2Fv2%2Fmedia&parent=74"}],"curies":[{"name":"wp","href":"https:\/\/api.w.org\/{rel}","templated":true}]}}